{"id":8194,"date":"2025-03-18T12:54:47","date_gmt":"2025-03-18T12:54:47","guid":{"rendered":"https:\/\/meteolab.ai\/?post_type=product&#038;p=8194"},"modified":"2025-03-20T14:30:56","modified_gmt":"2025-03-20T14:30:56","slug":"zintegrowana-stacja-meteorologiczna-ml-w83xm3","status":"publish","type":"product","link":"https:\/\/meteolab.ai\/index.php\/product\/zintegrowana-stacja-meteorologiczna-ml-w83xm3\/","title":{"rendered":"Zintegrowana stacja meteorologiczna ML-W83X(M3)"},"content":{"rendered":"<p>Zintegrowana stacja meteorologiczna ML-W83X(M3) Modbus RTU do monitorowania parametr\u00f3w atmosferycznych takich jak:<br \/>\n&#8211; temperatura powietrza,<br \/>\n&#8211; wilgotno\u015b\u0107 powietrza,<br \/>\n&#8211; ci\u015bnienie atmosferyczne,<br \/>\n&#8211; pr\u0119dko\u015b\u0107 wiatru,<br \/>\n&#8211; kierunek wiatru,<br \/>\n&#8211; opad ciek\u0142y,<br \/>\n&#8211; \u015bnieg,<br \/>\n&#8211; grad,<br \/>\n&#8211; promieniowanie s\u0142oneczne,<br \/>\n&#8211; o\u015bwietlenie,<br \/>\n&#8211; py\u0142 zawieszony PM1\/PM2.5PM10,<br \/>\n&#8211; nat\u0119\u017cenie d\u017awi\u0119ku (ha\u0142as).<\/p>\n","protected":false},"excerpt":{"rendered":"<p>Zintegrowana stacja meteorologiczna ML-W83X(M3) Modbus RTU do monitorowania parametr\u00f3w atmosferycznych.<\/p>\n","protected":false},"featured_media":8355,"comment_status":"open","ping_status":"closed","template":"","meta":[],"product_cat":[3074],"product_tag":[],"class_list":{"0":"post-8194","1":"product","2":"type-product","3":"status-publish","4":"has-post-thumbnail","6":"product_cat-multiczujnik","8":"first","9":"instock","10":"shipping-taxable","11":"purchasable","12":"product-type-simple"},"etheme_brands":{"errors":{"invalid_taxonomy":["Nieprawid\u0142owa taksonomia."]},"error_data":[]},"_links":{"self":[{"href":"https:\/\/meteolab.ai\/index.php\/wp-json\/wp\/v2\/product\/8194","targetHints":{"allow":["GET"]}}],"collection":[{"href":"https:\/\/meteolab.ai\/index.php\/wp-json\/wp\/v2\/product"}],"about":[{"href":"https:\/\/meteolab.ai\/index.php\/wp-json\/wp\/v2\/types\/product"}],"replies":[{"embeddable":true,"href":"https:\/\/meteolab.ai\/index.php\/wp-json\/wp\/v2\/comments?post=8194"}],"version-history":[{"count":1,"href":"https:\/\/meteolab.ai\/index.php\/wp-json\/wp\/v2\/product\/8194\/revisions"}],"predecessor-version":[{"id":8224,"href":"https:\/\/meteolab.ai\/index.php\/wp-json\/wp\/v2\/product\/8194\/revisions\/8224"}],"wp:featuredmedia":[{"embeddable":true,"href":"https:\/\/meteolab.ai\/index.php\/wp-json\/wp\/v2\/media\/8355"}],"wp:attachment":[{"href":"https:\/\/meteolab.ai\/index.php\/wp-json\/wp\/v2\/media?parent=8194"}],"wp:term":[{"taxonomy":"product_cat","embeddable":true,"href":"https:\/\/meteolab.ai\/index.php\/wp-json\/wp\/v2\/product_cat?post=8194"},{"taxonomy":"product_tag","embeddable":true,"href":"https:\/\/meteolab.ai\/index.php\/wp-json\/wp\/v2\/product_tag?post=8194"}],"curies":[{"name":"wp","href":"https:\/\/api.w.org\/{rel}","templated":true}]}}